{"id":26,"date":"2017-09-03T19:34:37","date_gmt":"2017-09-03T19:34:37","guid":{"rendered":"http:\/\/oerlinghausen-evangelisch.com\/?page_id=26"},"modified":"2025-05-12T00:25:20","modified_gmt":"2025-05-11T22:25:20","slug":"musik","status":"publish","type":"page","link":"https:\/\/oerlinghausen-evangelisch.com\/?page_id=26","title":{"rendered":"Kirchenmusik"},"content":{"rendered":"<p><img loading=\"lazy\" decoding=\"async\" class=\"aligncenter size-medium wp-image-329\" src=\"https:\/\/oerlinghausen-evangelisch.com\/wp-content\/uploads\/2017\/09\/Orgel-Alexanderkirche_bearbeitet-6-258x300.jpg\" alt=\"\" width=\"258\" height=\"300\" srcset=\"https:\/\/oerlinghausen-evangelisch.com\/wp-content\/uploads\/2017\/09\/Orgel-Alexanderkirche_bearbeitet-6-258x300.jpg 258w, https:\/\/oerlinghausen-evangelisch.com\/wp-content\/uploads\/2017\/09\/Orgel-Alexanderkirche_bearbeitet-6-768x894.jpg 768w, https:\/\/oerlinghausen-evangelisch.com\/wp-content\/uploads\/2017\/09\/Orgel-Alexanderkirche_bearbeitet-6-880x1024.jpg 880w, https:\/\/oerlinghausen-evangelisch.com\/wp-content\/uploads\/2017\/09\/Orgel-Alexanderkirche_bearbeitet-6.jpg 1089w\" sizes=\"auto, (max-width: 258px) 100vw, 258px\" \/><\/p>\n<p style=\"text-align: center;\"><strong>Unsere Ch\u00f6re:<\/strong><\/p>\n<p><strong><img loading=\"lazy\" decoding=\"async\" class=\"alignleft size-medium wp-image-331\" src=\"https:\/\/oerlinghausen-evangelisch.com\/wp-content\/uploads\/2017\/09\/Logo-Kinderkantorei-001-300x184.jpg\" alt=\"\" width=\"300\" height=\"184\" srcset=\"https:\/\/oerlinghausen-evangelisch.com\/wp-content\/uploads\/2017\/09\/Logo-Kinderkantorei-001-300x184.jpg 300w, https:\/\/oerlinghausen-evangelisch.com\/wp-content\/uploads\/2017\/09\/Logo-Kinderkantorei-001-768x470.jpg 768w, https:\/\/oerlinghausen-evangelisch.com\/wp-content\/uploads\/2017\/09\/Logo-Kinderkantorei-001.jpg 845w\" sizes=\"auto, (max-width: 300px) 100vw, 300px\" \/>Kinderkantorei<\/strong><\/p>\n<p><strong>Jedes Kind ist musikalisch.<\/strong><br \/>\nDiese Gabe zu f\u00f6rdern, macht den Kindern nicht nur Spa\u00df, sondern verbessert auch ihre sprachliche Entwicklung, macht schlau und gl\u00fccklich.<br \/>\n<strong>\u00a0<\/strong><br \/>\nDarum laden wir alle Kinder ab 4 Jahren ein, in der Kinderkantorei zu singen und bei Bewegungs- und Mitmachliedern in fr\u00f6hlicher Runde viel Spa\u00df zu haben und neue Freunde kennenzulernen.<br \/>\nKleine Auftritte in Familiengottesdiensten machen allen viel Freude und f\u00f6rdern das Selbstbewu\u00dftsein der Kinder.<\/p>\n<p><em><strong>Gruppe I- Kindergartenalter\u00a0\u00a0<\/strong>\u00a0\u00a0\u00a0\u00a0\u00a0\u00a0\u00a0\u00a0\u00a0\u00a0\u00a0\u00a0\u00a0\u00a0\u00a0\u00a0\u00a0\u00a0\u00a0\u00a0\u00a0\u00a0\u00a0\u00a0\u00a0\u00a0\u00a0\u00a0\u00a0\u00a0\u00a0\u00a0\u00a0\u00a0\u00a0\u00a0\u00a0\u00a0\u00a0\u00a0\u00a0\u00a0 <\/em><br \/>\nMontags 15.00- 15.45 Uhr<\/p>\n<p><strong><em>Gruppe II- Grundschulalter<\/em><\/strong><br \/>\nMontags 16.00- 16.50 Uhr<\/p>\n\n\n<p><\/p>\n\n\n\n<p><\/p>\n\n\n\n<p><\/p>\n\n\n\n<p><\/p>\n\n\n\n<p><strong>Die Chorleiter<\/strong><\/p>\n\n\n\n<p><strong>Der Kirchenchor unter Leitung von Nicole Seiger<\/strong><\/p>\n\n\n\n<figure class=\"wp-block-image size-large is-resized\"><img loading=\"lazy\" decoding=\"async\" width=\"939\" height=\"1024\" src=\"https:\/\/oerlinghausen-evangelisch.com\/wp-content\/uploads\/2025\/02\/grafik-2-939x1024.png\" alt=\"\" class=\"wp-image-2120\" style=\"width:370px;height:auto\" srcset=\"https:\/\/oerlinghausen-evangelisch.com\/wp-content\/uploads\/2025\/02\/grafik-2-939x1024.png 939w, https:\/\/oerlinghausen-evangelisch.com\/wp-content\/uploads\/2025\/02\/grafik-2-275x300.png 275w, https:\/\/oerlinghausen-evangelisch.com\/wp-content\/uploads\/2025\/02\/grafik-2-768x838.png 768w, https:\/\/oerlinghausen-evangelisch.com\/wp-content\/uploads\/2025\/02\/grafik-2-1408x1536.png 1408w, https:\/\/oerlinghausen-evangelisch.com\/wp-content\/uploads\/2025\/02\/grafik-2.png 1870w\" sizes=\"auto, (max-width: 767px) 89vw, (max-width: 1000px) 54vw, (max-width: 1071px) 543px, 580px\" \/><\/figure>\n\n\n\n<p>Musik spielte bereits in ihrer Kindheit ein gro\u00dfe Rolle: Zun\u00e4chst lernte Sie Blockfl\u00f6te spielen, bis Nicole dann ihrem Herzenswunsch nach einer Heimorgel erf\u00fcllt bekam. Anfangs studierte sie in Paderborn Mathematik und Musik auf Lehramt und lernte zu Studienbeginn die Welt der Chormusik kennen. Sie besuchte ein Konzert in der Marienkirche Lippstadt: \u201eDie Jahreszeiten\u201c von Joseph Haydn. \u201eDiese Musik beeindruckte mich tief!&#8230;das wollte ich auch.\u201c So sang Sie zun\u00e4chst im st\u00e4dtischen Musikverein Lippstadt mit. Sp\u00e4ter dann im Bach-Ensemble Mainz, dem Kammerchor Stuttgart und in der EuropaChorAkademie.<\/p>\n\n\n\n<p>Parallel dazu wechselte Sie ihr Hauptfach auf Gesang. \u201eIch sp\u00fcrte, dass ich mit meiner Stimme viel mehr ausdr\u00fccken konnte, als mit meinen Instrumenten\u201c. So kam Sie f\u00fcr ihr Referendariat im Jahr 2000 nach Oerlinghausen an die Heinz-Sielmann-Schule. In den letzten Jahren sang sie selbst im Kirchenchor mit. Nun freut Sie sich dar\u00fcber, dass Sie diesen Chor selbst leiten darf.<\/p>\n\n\n\n<p>\u201eEs ist eine neue Erfahrung, nun nicht mehr selbst mitzusingen, sondern diese tolle Gemeinschaft anzuleiten, St\u00fccke zu erarbeiten und mit ihnen Gottesdienste und Konzerte zu gestalten&#8230; Auch einige ehemalige Sch\u00fcler\/-innen aus dem Schulchor der Heinz-Sielmann-Schule bereichern unseren Chor. So versuche ich die St\u00fcckauswahl sehr breit anzulegen \u2013 damit auch f\u00fcr jedes Chormitglied etwas dabei ist. Wir w\u00fcrden uns in allen Stimmlagen \u00fcber weiteren Zuwachs sehr freuen. Im \u00fcbrigen: auch M\u00e4nner k\u00f6nnen singen!!! Also traut euch!\u201c<\/p>\n\n\n\n<p><\/p>\n\n\n\n<p><\/p>\n\n\n\n<p><strong>Der Posaunenchor unter Leitung von Solomon Adonoo<\/strong><\/p>\n\n\n\n<figure class=\"wp-block-image size-large is-resized\"><img loading=\"lazy\" decoding=\"async\" width=\"667\" height=\"1024\" src=\"https:\/\/oerlinghausen-evangelisch.com\/wp-content\/uploads\/2025\/02\/grafik-1-667x1024.png\" alt=\"\" class=\"wp-image-2119\" style=\"width:315px;height:auto\" srcset=\"https:\/\/oerlinghausen-evangelisch.com\/wp-content\/uploads\/2025\/02\/grafik-1-667x1024.png 667w, https:\/\/oerlinghausen-evangelisch.com\/wp-content\/uploads\/2025\/02\/grafik-1-195x300.png 195w, https:\/\/oerlinghausen-evangelisch.com\/wp-content\/uploads\/2025\/02\/grafik-1-768x1179.png 768w, https:\/\/oerlinghausen-evangelisch.com\/wp-content\/uploads\/2025\/02\/grafik-1-1001x1536.png 1001w, https:\/\/oerlinghausen-evangelisch.com\/wp-content\/uploads\/2025\/02\/grafik-1.png 1334w\" sizes=\"auto, (max-width: 667px) 100vw, 667px\" \/><\/figure>\n\n\n\n<p>Solomon wurde in eine starke christliche und musikalische Familie hineingeboren. Sein Vater war Pianist, widmete sein Leben jedoch der Polizei und seine Mutter sang im Kirchenchor(E.P. Church, Ghana)<\/p>\n\n\n\n<p>Als er gerade mal F\u00fcnf Jahre alt war, war die Musik f\u00fcr Solomon eine Selbstverst\u00e4ndlichkeit. Seine gro\u00dfe Leidenschaft f\u00fcr die Musik lies ihn schnell selbstst\u00e4ndig Trompete erlernen und er begann, in der Blaskapelle der Kirche zu spielen.<\/p>\n\n\n\n<p>Sp\u00e4ter trat er als Hornist der Gemeinschaftskapelle bei. Er \u00fcbertrug sein Wissen, das er sich beim Erlernen der Trompete angeeignet hatte, auf das spielen des Tenorhorns.<\/p>\n\n\n\n<p>Seine Leidenschaft f\u00fcr Musik f\u00fchrte ihn dazu, alle Blechinstrumente zu erlernen und traditionellen ghanaischen Trommeln zu spielen, die im Gottesdienst verwendet werden. Sp\u00e4ter nahm er an den in London ans\u00e4ssigen ABRSM-Pr\u00fcfungen (Associated Board of Royal School of Music) in Musiktheorie und Hornpraktikum teil. Dies f\u00fcrhte ihn dazu, das Certificate in Bandmastership am Methodist University College in Ghana zu studieren.<\/p>\n\n\n\n<p>Bei seinem Besuch in Deutschland im Jahr 2018 lernte er Prof. Norbert Stertz kennen, der ihm einen Platz als Gaststudent anbot. Solomon erwies sich als sehr engagierter Student und erhielt die Zulassung zum Bachelor of Music Instrumental Pedagogy. Derzeit ist er unter anderem Leiter des Posaunenchors der Evangelisch-reformierten Kirchengemeinde Oerlinghausen.<\/p>\n\n\n\n<h2 class=\"wp-block-heading\"><\/h2>\n\n\n\n<p>Die Ch\u00f6re beim Auftritt<\/p>\n\n\n\n<figure class=\"wp-block-image size-large is-resized\"><img loading=\"lazy\" decoding=\"async\" width=\"1024\" height=\"1024\" src=\"https:\/\/oerlinghausen-evangelisch.com\/wp-content\/uploads\/2025\/05\/Kirchenchor-1024x1024.jpg\" alt=\"\" class=\"wp-image-2181\" style=\"width:422px;height:auto\" srcset=\"https:\/\/oerlinghausen-evangelisch.com\/wp-content\/uploads\/2025\/05\/Kirchenchor-1024x1024.jpg 1024w, https:\/\/oerlinghausen-evangelisch.com\/wp-content\/uploads\/2025\/05\/Kirchenchor-300x300.jpg 300w, https:\/\/oerlinghausen-evangelisch.com\/wp-content\/uploads\/2025\/05\/Kirchenchor-150x150.jpg 150w, https:\/\/oerlinghausen-evangelisch.com\/wp-content\/uploads\/2025\/05\/Kirchenchor-768x768.jpg 768w, https:\/\/oerlinghausen-evangelisch.com\/wp-content\/uploads\/2025\/05\/Kirchenchor-1536x1536.jpg 1536w, https:\/\/oerlinghausen-evangelisch.com\/wp-content\/uploads\/2025\/05\/Kirchenchor-2048x2048.jpg 2048w, https:\/\/oerlinghausen-evangelisch.com\/wp-content\/uploads\/2025\/05\/Kirchenchor-100x100.jpg 100w\" sizes=\"auto, (max-width: 767px) 89vw, (max-width: 1000px) 54vw, (max-width: 1071px) 543px, 580px\" \/><\/figure>\n\n\n\n<figure class=\"wp-block-image size-large is-resized\"><img loading=\"lazy\" decoding=\"async\" width=\"1024\" height=\"650\" src=\"https:\/\/oerlinghausen-evangelisch.com\/wp-content\/uploads\/2025\/05\/Posaunenchor-1024x650.jpg\" alt=\"\" class=\"wp-image-2180\" style=\"width:424px;height:auto\" srcset=\"https:\/\/oerlinghausen-evangelisch.com\/wp-content\/uploads\/2025\/05\/Posaunenchor-1024x650.jpg 1024w, https:\/\/oerlinghausen-evangelisch.com\/wp-content\/uploads\/2025\/05\/Posaunenchor-300x190.jpg 300w, https:\/\/oerlinghausen-evangelisch.com\/wp-content\/uploads\/2025\/05\/Posaunenchor-768x488.jpg 768w, https:\/\/oerlinghausen-evangelisch.com\/wp-content\/uploads\/2025\/05\/Posaunenchor-1536x975.jpg 1536w, https:\/\/oerlinghausen-evangelisch.com\/wp-content\/uploads\/2025\/05\/Posaunenchor-2048x1300.jpg 2048w\" sizes=\"auto, (max-width: 767px) 89vw, (max-width: 1000px) 54vw, (max-width: 1071px) 543px, 580px\" \/><\/figure>\n\n\n\n<p><\/p>\n","protected":false},"excerpt":{"rendered":"<p>Unsere Ch\u00f6re: Kinderkantorei Jedes Kind ist musikalisch. Diese Gabe zu f\u00f6rdern, macht den Kindern nicht nur Spa\u00df, sondern verbessert auch ihre sprachliche Entwicklung, macht schlau und gl\u00fccklich. \u00a0 Darum laden wir alle Kinder ab 4 Jahren ein, in der Kinderkantorei zu singen und bei Bewegungs- und Mitmachliedern in fr\u00f6hlicher Runde viel Spa\u00df zu haben und &hellip; <\/p>\n<p class=\"link-more\"><a href=\"https:\/\/oerlinghausen-evangelisch.com\/?page_id=26\" class=\"more-link\"><span class=\"screen-reader-text\">\u201eKirchenmusik\u201c <\/span>weiterlesen<\/a><\/p>\n","protected":false},"author":1,"featured_media":0,"parent":0,"menu_order":2,"comment_status":"closed","ping_status":"closed","template":"","meta":{"footnotes":""},"class_list":["post-26","page","type-page","status-publish","hentry"],"_links":{"self":[{"href":"https:\/\/oerlinghausen-evangelisch.com\/index.php?rest_route=\/wp\/v2\/pages\/26","targetHints":{"allow":["GET"]}}],"collection":[{"href":"https:\/\/oerlinghausen-evangelisch.com\/index.php?rest_route=\/wp\/v2\/pages"}],"about":[{"href":"https:\/\/oerlinghausen-evangelisch.com\/index.php?rest_route=\/wp\/v2\/types\/page"}],"author":[{"embeddable":true,"href":"https:\/\/oerlinghausen-evangelisch.com\/index.php?rest_route=\/wp\/v2\/users\/1"}],"replies":[{"embeddable":true,"href":"https:\/\/oerlinghausen-evangelisch.com\/index.php?rest_route=%2Fwp%2Fv2%2Fcomments&post=26"}],"version-history":[{"count":38,"href":"https:\/\/oerlinghausen-evangelisch.com\/index.php?rest_route=\/wp\/v2\/pages\/26\/revisions"}],"predecessor-version":[{"id":2184,"href":"https:\/\/oerlinghausen-evangelisch.com\/index.php?rest_route=\/wp\/v2\/pages\/26\/revisions\/2184"}],"wp:attachment":[{"href":"https:\/\/oerlinghausen-evangelisch.com\/index.php?rest_route=%2Fwp%2Fv2%2Fmedia&parent=26"}],"curies":[{"name":"wp","href":"https:\/\/api.w.org\/{rel}","templated":true}]}}

<p><img loading="lazy" decoding="async" class="aligncenter size-medium wp-image-329" src="https://oerlinghausen-evangelisch.com/wp-content/uploads/2017/09/Orgel-Alexanderkirche_bearbeitet-6-258x300.jpg" alt="" width="258" height="300" srcset="https://oerlinghausen-evangelisch.com/wp-content/uploads/2017/09/Orgel-Alexanderkirche_bearbeitet-6-258x300.jpg 258w, https://oerlinghausen-evangelisch.com/wp-content/uploads/2017/09/Orgel-Alexanderkirche_bearbeitet-6-768x894.jpg 768w, https://oerlinghausen-evangelisch.com/wp-content/uploads/2017/09/Orgel-Alexanderkirche_bearbeitet-6-880x1024.jpg 880w, https://oerlinghausen-evangelisch.com/wp-content/uploads/2017/09/Orgel-Alexanderkirche_bearbeitet-6.jpg 1089w" sizes="auto, (max-width: 258px) 100vw, 258px" /></p>
<p style="text-align: center;"><strong>Unsere Chöre:</strong></p>
<p><strong><img loading="lazy" decoding="async" class="alignleft size-medium wp-image-331" src="https://oerlinghausen-evangelisch.com/wp-content/uploads/2017/09/Logo-Kinderkantorei-001-300x184.jpg" alt="" width="300" height="184" srcset="https://oerlinghausen-evangelisch.com/wp-content/uploads/2017/09/Logo-Kinderkantorei-001-300x184.jpg 300w, https://oerlinghausen-evangelisch.com/wp-content/uploads/2017/09/Logo-Kinderkantorei-001-768x470.jpg 768w, https://oerlinghausen-evangelisch.com/wp-content/uploads/2017/09/Logo-Kinderkantorei-001.jpg 845w" sizes="auto, (max-width: 300px) 100vw, 300px" />Kinderkantorei</strong></p>
<p><strong>Jedes Kind ist musikalisch.</strong><br />
Diese Gabe zu fördern, macht den Kindern nicht nur Spaß, sondern verbessert auch ihre sprachliche Entwicklung, macht schlau und glücklich.<br />
<strong> </strong><br />
Darum laden wir alle Kinder ab 4 Jahren ein, in der Kinderkantorei zu singen und bei Bewegungs- und Mitmachliedern in fröhlicher Runde viel Spaß zu haben und neue Freunde kennenzulernen.<br />
Kleine Auftritte in Familiengottesdiensten machen allen viel Freude und fördern das Selbstbewußtsein der Kinder.</p>
<p><em><strong>Gruppe I- Kindergartenalter  </strong>                                           </em><br />
Montags 15.00- 15.45 Uhr</p>
<p><strong><em>Gruppe II- Grundschulalter</em></strong><br />
Montags 16.00- 16.50 Uhr</p>


<p></p>



<p></p>



<p></p>



<p></p>



<p><strong>Die Chorleiter</strong></p>



<p><strong>Der Kirchenchor unter Leitung von Nicole Seiger</strong></p>



<figure class="wp-block-image size-large is-resized"><img loading="lazy" decoding="async" width="939" height="1024" src="https://oerlinghausen-evangelisch.com/wp-content/uploads/2025/02/grafik-2-939x1024.png" alt="" class="wp-image-2120" style="width:370px;height:auto" srcset="https://oerlinghausen-evangelisch.com/wp-content/uploads/2025/02/grafik-2-939x1024.png 939w, https://oerlinghausen-evangelisch.com/wp-content/uploads/2025/02/grafik-2-275x300.png 275w, https://oerlinghausen-evangelisch.com/wp-content/uploads/2025/02/grafik-2-768x838.png 768w, https://oerlinghausen-evangelisch.com/wp-content/uploads/2025/02/grafik-2-1408x1536.png 1408w, https://oerlinghausen-evangelisch.com/wp-content/uploads/2025/02/grafik-2.png 1870w" sizes="auto, (max-width: 767px) 89vw, (max-width: 1000px) 54vw, (max-width: 1071px) 543px, 580px" /></figure>



<p>Musik spielte bereits in ihrer Kindheit ein große Rolle: Zunächst lernte Sie Blockflöte spielen, bis Nicole dann ihrem Herzenswunsch nach einer Heimorgel erfüllt bekam. Anfangs studierte sie in Paderborn Mathematik und Musik auf Lehramt und lernte zu Studienbeginn die Welt der Chormusik kennen. Sie besuchte ein Konzert in der Marienkirche Lippstadt: „Die Jahreszeiten“ von Joseph Haydn. „Diese Musik beeindruckte mich tief!&#8230;das wollte ich auch.“ So sang Sie zunächst im städtischen Musikverein Lippstadt mit. Später dann im Bach-Ensemble Mainz, dem Kammerchor Stuttgart und in der EuropaChorAkademie.</p>



<p>Parallel dazu wechselte Sie ihr Hauptfach auf Gesang. „Ich spürte, dass ich mit meiner Stimme viel mehr ausdrücken konnte, als mit meinen Instrumenten“. So kam Sie für ihr Referendariat im Jahr 2000 nach Oerlinghausen an die Heinz-Sielmann-Schule. In den letzten Jahren sang sie selbst im Kirchenchor mit. Nun freut Sie sich darüber, dass Sie diesen Chor selbst leiten darf.</p>



<p>„Es ist eine neue Erfahrung, nun nicht mehr selbst mitzusingen, sondern diese tolle Gemeinschaft anzuleiten, Stücke zu erarbeiten und mit ihnen Gottesdienste und Konzerte zu gestalten&#8230; Auch einige ehemalige Schüler/-innen aus dem Schulchor der Heinz-Sielmann-Schule bereichern unseren Chor. So versuche ich die Stückauswahl sehr breit anzulegen – damit auch für jedes Chormitglied etwas dabei ist. Wir würden uns in allen Stimmlagen über weiteren Zuwachs sehr freuen. Im übrigen: auch Männer können singen!!! Also traut euch!“</p>



<p></p>



<p></p>



<p><strong>Der Posaunenchor unter Leitung von Solomon Adonoo</strong></p>



<figure class="wp-block-image size-large is-resized"><img loading="lazy" decoding="async" width="667" height="1024" src="https://oerlinghausen-evangelisch.com/wp-content/uploads/2025/02/grafik-1-667x1024.png" alt="" class="wp-image-2119" style="width:315px;height:auto" srcset="https://oerlinghausen-evangelisch.com/wp-content/uploads/2025/02/grafik-1-667x1024.png 667w, https://oerlinghausen-evangelisch.com/wp-content/uploads/2025/02/grafik-1-195x300.png 195w, https://oerlinghausen-evangelisch.com/wp-content/uploads/2025/02/grafik-1-768x1179.png 768w, https://oerlinghausen-evangelisch.com/wp-content/uploads/2025/02/grafik-1-1001x1536.png 1001w, https://oerlinghausen-evangelisch.com/wp-content/uploads/2025/02/grafik-1.png 1334w" sizes="auto, (max-width: 667px) 100vw, 667px" /></figure>



<p>Solomon wurde in eine starke christliche und musikalische Familie hineingeboren. Sein Vater war Pianist, widmete sein Leben jedoch der Polizei und seine Mutter sang im Kirchenchor(E.P. Church, Ghana)</p>



<p>Als er gerade mal Fünf Jahre alt war, war die Musik für Solomon eine Selbstverständlichkeit. Seine große Leidenschaft für die Musik lies ihn schnell selbstständig Trompete erlernen und er begann, in der Blaskapelle der Kirche zu spielen.</p>



<p>Später trat er als Hornist der Gemeinschaftskapelle bei. Er übertrug sein Wissen, das er sich beim Erlernen der Trompete angeeignet hatte, auf das spielen des Tenorhorns.</p>



<p>Seine Leidenschaft für Musik führte ihn dazu, alle Blechinstrumente zu erlernen und traditionellen ghanaischen Trommeln zu spielen, die im Gottesdienst verwendet werden. Später nahm er an den in London ansässigen ABRSM-Prüfungen (Associated Board of Royal School of Music) in Musiktheorie und Hornpraktikum teil. Dies fürhte ihn dazu, das Certificate in Bandmastership am Methodist University College in Ghana zu studieren.</p>



<p>Bei seinem Besuch in Deutschland im Jahr 2018 lernte er Prof. Norbert Stertz kennen, der ihm einen Platz als Gaststudent anbot. Solomon erwies sich als sehr engagierter Student und erhielt die Zulassung zum Bachelor of Music Instrumental Pedagogy. Derzeit ist er unter anderem Leiter des Posaunenchors der Evangelisch-reformierten Kirchengemeinde Oerlinghausen.</p>



<h2 class="wp-block-heading"></h2>



<p>Die Chöre beim Auftritt</p>



<figure class="wp-block-image size-large is-resized"><img loading="lazy" decoding="async" width="1024" height="1024" src="https://oerlinghausen-evangelisch.com/wp-content/uploads/2025/05/Kirchenchor-1024x1024.jpg" alt="" class="wp-image-2181" style="width:422px;height:auto" srcset="https://oerlinghausen-evangelisch.com/wp-content/uploads/2025/05/Kirchenchor-1024x1024.jpg 1024w, https://oerlinghausen-evangelisch.com/wp-content/uploads/2025/05/Kirchenchor-300x300.jpg 300w, https://oerlinghausen-evangelisch.com/wp-content/uploads/2025/05/Kirchenchor-150x150.jpg 150w, https://oerlinghausen-evangelisch.com/wp-content/uploads/2025/05/Kirchenchor-768x768.jpg 768w, https://oerlinghausen-evangelisch.com/wp-content/uploads/2025/05/Kirchenchor-1536x1536.jpg 1536w, https://oerlinghausen-evangelisch.com/wp-content/uploads/2025/05/Kirchenchor-2048x2048.jpg 2048w, https://oerlinghausen-evangelisch.com/wp-content/uploads/2025/05/Kirchenchor-100x100.jpg 100w" sizes="auto, (max-width: 767px) 89vw, (max-width: 1000px) 54vw, (max-width: 1071px) 543px, 580px" /></figure>



<figure class="wp-block-image size-large is-resized"><img loading="lazy" decoding="async" width="1024" height="650" src="https://oerlinghausen-evangelisch.com/wp-content/uploads/2025/05/Posaunenchor-1024x650.jpg" alt="" class="wp-image-2180" style="width:424px;height:auto" srcset="https://oerlinghausen-evangelisch.com/wp-content/uploads/2025/05/Posaunenchor-1024x650.jpg 1024w, https://oerlinghausen-evangelisch.com/wp-content/uploads/2025/05/Posaunenchor-300x190.jpg 300w, https://oerlinghausen-evangelisch.com/wp-content/uploads/2025/05/Posaunenchor-768x488.jpg 768w, https://oerlinghausen-evangelisch.com/wp-content/uploads/2025/05/Posaunenchor-1536x975.jpg 1536w, https://oerlinghausen-evangelisch.com/wp-content/uploads/2025/05/Posaunenchor-2048x1300.jpg 2048w" sizes="auto, (max-width: 767px) 89vw, (max-width: 1000px) 54vw, (max-width: 1071px) 543px, 580px" /></figure>



<p></p>

<p>Unsere Chöre: Kinderkantorei Jedes Kind ist musikalisch. Diese Gabe zu fördern, macht den Kindern nicht nur Spaß, sondern verbessert auch ihre sprachliche Entwicklung, macht schlau und glücklich.   Darum laden wir alle Kinder ab 4 Jahren ein, in der Kinderkantorei zu singen und bei Bewegungs- und Mitmachliedern in fröhlicher Runde viel Spaß zu haben und &hellip; </p>
<p class="link-more"><a href="https://oerlinghausen-evangelisch.com/?page_id=26" class="more-link"><span class="screen-reader-text">„Kirchenmusik“ </span>weiterlesen</a></p>
